{"id":347,"date":"2024-07-24T09:19:20","date_gmt":"2024-07-24T09:19:20","guid":{"rendered":"https:\/\/id-intensivpflege.de\/?page_id=347"},"modified":"2025-04-02T06:32:21","modified_gmt":"2025-04-02T06:32:21","slug":"impressum","status":"publish","type":"page","link":"https:\/\/id-intensivpflege.de\/index.php\/impressum\/","title":{"rendered":"Impressum"},"content":{"rendered":"\n<p>Impressum<\/p>\n\n\n\n<p><strong>Impressum<\/strong><\/p>\n\n\n\n<p><strong>ID Intensivpflegedienst GmbH<\/strong><br>Blankenburger Stra\u00dfe 23<br>13089 Berlin<\/p>\n\n\n\n<p><strong>Vertreten durch:<\/strong><br>Oliver Klabe<\/p>\n\n\n\n<p><strong><strong>Handelsregister:<\/strong><br><\/strong>Amtsgericht Charlottenburg<br>HRB 259699&nbsp;B<\/p>\n\n\n\n<p><strong>Kontakt:<\/strong><br>Telefon: +49 30 46771214<br>E-Mail: <a>info@idintensivpflege.de<\/a><\/p>\n\n\n\n<p><strong>Berufshaftpflichtversicherung:<\/strong><br>[Steht aus]<\/p>\n\n\n\n<p><strong>Zust\u00e4ndige Aufsichtsbeh\u00f6rde:<\/strong><br>T\u00e4tigkeit mit Genehmigung der Krankenkassen<\/p>\n\n\n\n<p><strong>Streitschlichtung:<\/strong><\/p>\n\n\n\n<p>Die Europ\u00e4ische Kommission stellt eine Plattform zur Online-Streitbeilegung (OS) bereit:&nbsp;<a href=\"https:\/\/ec.europa.eu\/consumers\/odr\" target=\"_blank\" rel=\"noreferrer noopener\">https:\/\/ec.europa.eu\/consumers\/odr<\/a>.<br>Unsere E-Mail-Adresse finden Sie oben im Impressum.<br>Wir sind nicht bereit oder verpflichtet, an Streitbeilegungsverfahren vor einer Verbraucherschlichtungsstelle teilzunehmen.<\/p>\n","protected":false},"excerpt":{"rendered":"<p>Impressum Impressum ID Intensivpflegedienst GmbHBlankenburger Stra\u00dfe 2313089 Berlin Vertreten durch:Oliver Klabe Handelsregister:Amtsgericht CharlottenburgHRB 259699&nbsp;B Kontakt:Telefon: +49 30 46771214E-Mail: info@idintensivpflege.de Berufshaftpflichtversicherung:[Steht aus] Zust\u00e4ndige Aufsichtsbeh\u00f6rde:T\u00e4tigkeit mit Genehmigung der Krankenkassen Streitschlichtung: Die Europ\u00e4ische&#8230;<\/p>\n","protected":false},"author":1,"featured_media":0,"parent":0,"menu_order":0,"comment_status":"closed","ping_status":"closed","template":"","meta":{"_price":"","_stock":"","_tribe_ticket_header":"","_tribe_default_ticket_provider":"","_tribe_ticket_capacity":"0","_ticket_start_date":"","_ticket_end_date":"","_tribe_ticket_show_description":"","_tribe_ticket_show_not_going":false,"_tribe_ticket_use_global_stock":"","_tribe_ticket_global_stock_level":"","_global_stock_mode":"","_global_stock_cap":"","_tribe_rsvp_for_event":"","_tribe_ticket_going_count":"","_tribe_ticket_not_going_count":"","_tribe_tickets_list":"[]","_tribe_ticket_has_attendee_info_fields":false,"_kadence_starter_templates_imported_post":false,"_kad_post_transparent":"","_kad_post_title":"","_kad_post_layout":"","_kad_post_sidebar_id":"","_kad_post_content_style":"","_kad_post_vertical_padding":"","_kad_post_feature":"","_kad_post_feature_position":"","_kad_post_header":false,"_kad_post_footer":false,"footnotes":"","_tec_slr_enabled":"","_tec_slr_layout":""},"class_list":["post-347","page","type-page","status-publish","hentry"],"ticketed":false,"_links":{"self":[{"href":"https:\/\/id-intensivpflege.de\/index.php\/wp-json\/wp\/v2\/pages\/347","targetHints":{"allow":["GET"]}}],"collection":[{"href":"https:\/\/id-intensivpflege.de\/index.php\/wp-json\/wp\/v2\/pages"}],"about":[{"href":"https:\/\/id-intensivpflege.de\/index.php\/wp-json\/wp\/v2\/types\/page"}],"author":[{"embeddable":true,"href":"https:\/\/id-intensivpflege.de\/index.php\/wp-json\/wp\/v2\/users\/1"}],"replies":[{"embeddable":true,"href":"https:\/\/id-intensivpflege.de\/index.php\/wp-json\/wp\/v2\/comments?post=347"}],"version-history":[{"count":6,"href":"https:\/\/id-intensivpflege.de\/index.php\/wp-json\/wp\/v2\/pages\/347\/revisions"}],"predecessor-version":[{"id":511,"href":"https:\/\/id-intensivpflege.de\/index.php\/wp-json\/wp\/v2\/pages\/347\/revisions\/511"}],"wp:attachment":[{"href":"https:\/\/id-intensivpflege.de\/index.php\/wp-json\/wp\/v2\/media?parent=347"}],"curies":[{"name":"wp","href":"https:\/\/api.w.org\/{rel}","templated":true}]}}